[INFO] fetching crate filetime_win 0.1.0...
[INFO] checking filetime_win-0.1.0 against try#72f88fc4e9458f89516a0b8b0868f3718aec5b47 for pr-74989
[INFO] extracting crate filetime_win 0.1.0 into /workspace/builds/worker-0/source
[INFO] validating manifest of crates.io crate filetime_win 0.1.0 on toolchain 72f88fc4e9458f89516a0b8b0868f3718aec5b47
[INFO] running `Command { std: "/workspace/cargo-home/bin/cargo" "+72f88fc4e9458f89516a0b8b0868f3718aec5b47" "read-manifest" "--manifest-path" "Cargo.toml", kill_on_drop: false }`
[INFO] started tweaking crates.io crate filetime_win 0.1.0
[INFO] finished tweaking crates.io crate filetime_win 0.1.0
[INFO] tweaked toml for crates.io crate filetime_win 0.1.0 written to /workspace/builds/worker-0/source/Cargo.toml
[INFO] running `Command { std: "/workspace/cargo-home/bin/cargo" "+72f88fc4e9458f89516a0b8b0868f3718aec5b47" "generate-lockfile" "--manifest-path" "Cargo.toml" "-Zno-index-update", kill_on_drop: false }`
[INFO] running `Command { std: "/workspace/cargo-home/bin/cargo" "+72f88fc4e9458f89516a0b8b0868f3718aec5b47" "fetch" "--locked" "--manifest-path" "Cargo.toml", kill_on_drop: false }`
[INFO] [stderr]  Downloading crates ...
[INFO] [stderr]   Downloaded comedy v0.1.0
[INFO] running `Command { std: "docker" "create" "-v" "/var/lib/crater-agent-workspace/builds/worker-0/target:/opt/rustwide/target:rw,Z" "-v" "/var/lib/crater-agent-workspace/builds/worker-0/source:/opt/rustwide/workdir:ro,Z" "-v" "/var/lib/crater-agent-workspace/cargo-home:/opt/rustwide/cargo-home:ro,Z" "-v" "/var/lib/crater-agent-workspace/rustup-home:/opt/rustwide/rustup-home:ro,Z" "-e" "SOURCE_DIR=/opt/rustwide/workdir" "-e" "CARGO_TARGET_DIR=/opt/rustwide/target" "-e" "CARGO_HOME=/opt/rustwide/cargo-home" "-e" "RUSTUP_HOME=/opt/rustwide/rustup-home" "-w" "/opt/rustwide/workdir" "-m" "1610612736" "--user" "0:0" "--network" "none" "rustops/crates-build-env@sha256:d92eaeed33fa75130ca1ee6c8a01d1ffb62bac859dfdfb3450e3e5d1c0146529" "/opt/rustwide/cargo-home/bin/cargo" "+72f88fc4e9458f89516a0b8b0868f3718aec5b47" "metadata" "--no-deps" "--format-version=1", kill_on_drop: false }`
[INFO] [stdout] 55bec7fe5a5360e81eef1a4550b4c08126fd24dbaf0302e5a7f0fc35a4f18e2b
[INFO] [stderr] WARNING: Your kernel does not support swap limit capabilities or the cgroup is not mounted. Memory limited without swap.
[INFO] running `Command { std: "docker" "start" "-a" "55bec7fe5a5360e81eef1a4550b4c08126fd24dbaf0302e5a7f0fc35a4f18e2b", kill_on_drop: false }`
[INFO] running `Command { std: "docker" "inspect" "55bec7fe5a5360e81eef1a4550b4c08126fd24dbaf0302e5a7f0fc35a4f18e2b", kill_on_drop: false }`
[INFO] running `Command { std: "docker" "rm" "-f" "55bec7fe5a5360e81eef1a4550b4c08126fd24dbaf0302e5a7f0fc35a4f18e2b", kill_on_drop: false }`
[INFO] [stdout] 55bec7fe5a5360e81eef1a4550b4c08126fd24dbaf0302e5a7f0fc35a4f18e2b
[INFO] running `Command { std: "docker" "create" "-v" "/var/lib/crater-agent-workspace/builds/worker-0/target:/opt/rustwide/target:rw,Z" "-v" "/var/lib/crater-agent-workspace/builds/worker-0/source:/opt/rustwide/workdir:ro,Z" "-v" "/var/lib/crater-agent-workspace/cargo-home:/opt/rustwide/cargo-home:ro,Z" "-v" "/var/lib/crater-agent-workspace/rustup-home:/opt/rustwide/rustup-home:ro,Z" "-e" "SOURCE_DIR=/opt/rustwide/workdir" "-e" "CARGO_TARGET_DIR=/opt/rustwide/target" "-e" "CARGO_INCREMENTAL=0" "-e" "RUST_BACKTRACE=full" "-e" "RUSTFLAGS=--cap-lints=forbid" "-e" "CARGO_HOME=/opt/rustwide/cargo-home" "-e" "RUSTUP_HOME=/opt/rustwide/rustup-home" "-w" "/opt/rustwide/workdir" "-m" "1610612736" "--user" "0:0" "--network" "none" "rustops/crates-build-env@sha256:d92eaeed33fa75130ca1ee6c8a01d1ffb62bac859dfdfb3450e3e5d1c0146529" "/opt/rustwide/cargo-home/bin/cargo" "+72f88fc4e9458f89516a0b8b0868f3718aec5b47" "check" "--frozen" "--all" "--all-targets" "--message-format=json", kill_on_drop: false }`
[INFO] [stdout] 2792fab6f71d1626ecf307cad7b878ddbb29faaa87dd76fb6163fb0ca5674b46
[INFO] [stderr] WARNING: Your kernel does not support swap limit capabilities or the cgroup is not mounted. Memory limited without swap.
[INFO] running `Command { std: "docker" "start" "-a" "2792fab6f71d1626ecf307cad7b878ddbb29faaa87dd76fb6163fb0ca5674b46", kill_on_drop: false }`
[INFO] [stderr]    Compiling proc-macro2 v1.0.21
[INFO] [stderr]    Compiling unicode-xid v0.2.1
[INFO] [stderr]    Compiling syn v1.0.40
[INFO] [stderr]    Compiling failure_derive v0.1.8
[INFO] [stderr]    Compiling winapi v0.3.9
[INFO] [stderr]    Compiling quote v1.0.7
[INFO] [stderr]    Compiling synstructure v0.12.4
[INFO] [stderr]     Checking failure v0.1.8
[INFO] [stderr]     Checking comedy v0.1.0
[INFO] [stderr]     Checking filetime_win v0.1.0 (/opt/rustwide/workdir)
[INFO] [stdout] error[E0433]: failed to resolve: could not find `shared` in `winapi`
[INFO] [stdout]   --> src/lib.rs:57:13
[INFO] [stdout]    |
[INFO] [stdout] 57 | use winapi::shared::minwindef::FILETIME;
[INFO] [stdout]    |             ^^^^^^ could not find `shared` in `winapi`
[INFO] [stdout] 
[INFO] [stdout] 
[INFO] [stdout] error[E0433]: failed to resolve: could not find `shared` in `winapi`
[INFO] [stdout]   --> src/lib.rs:60:13
[INFO] [stdout]    |
[INFO] [stdout] 60 | use winapi::shared::ntdef::ULARGE_INTEGER;
[INFO] [stdout]    |             ^^^^^^ could not find `shared` in `winapi`
[INFO] [stdout] 
[INFO] [stdout] 
[INFO] [stdout] error[E0433]: failed to resolve: could not find `um` in `winapi`
[INFO] [stdout]   --> src/lib.rs:61:13
[INFO] [stdout]    |
[INFO] [stdout] 61 | use winapi::um::minwinbase::SYSTEMTIME;
[INFO] [stdout]    |             ^^ could not find `um` in `winapi`
[INFO] [stdout] 
[INFO] [stdout] 
[INFO] [stdout] error[E0433]: failed to resolve: could not find `um` in `winapi`
[INFO] [stdout]   --> src/lib.rs:62:13
[INFO] [stdout]    |
[INFO] [stdout] 62 | use winapi::um::sysinfoapi::GetSystemTime;
[INFO] [stdout]    |             ^^ could not find `um` in `winapi`
[INFO] [stdout] 
[INFO] [stdout] 
[INFO] [stdout] error[E0433]: failed to resolve: could not find `um` in `winapi`
[INFO] [stdout]   --> src/lib.rs:63:13
[INFO] [stdout]    |
[INFO] [stdout] 63 | use winapi::um::timezoneapi::{FileTimeToSystemTime, SystemTimeToFileTime};
[INFO] [stdout]    |             ^^ could not find `um` in `winapi`
[INFO] [stdout] 
[INFO] [stdout] 
[INFO] [stdout] error[E0433]: failed to resolve: could not find `shared` in `winapi`
[INFO] [stdout]    --> src/lib.rs:235:17
[INFO] [stdout]     |
[INFO] [stdout] 235 |     use winapi::shared::minwindef::FILETIME;
[INFO] [stdout]     |                 ^^^^^^ could not find `shared` in `winapi`
[INFO] [stdout] 
[INFO] [stdout] 
[INFO] [stdout] error[E0433]: failed to resolve: could not find `um` in `winapi`
[INFO] [stdout]    --> src/lib.rs:236:17
[INFO] [stdout]     |
[INFO] [stdout] 236 |     use winapi::um::minwinbase::SYSTEMTIME;
[INFO] [stdout]     |                 ^^ could not find `um` in `winapi`
[INFO] [stdout] 
[INFO] [stdout] 
[INFO] [stdout] error[E0432]: unresolved import `comedy::check_true`
[INFO] [stdout]   --> src/lib.rs:55:5
[INFO] [stdout]    |
[INFO] [stdout] 55 | use comedy::check_true;
[INFO] [stdout]    |     ^^^^^^^^^^^^^^^^^^ no `check_true` in the root
[INFO] [stdout] 
[INFO] [stdout] 
[INFO] [stdout] error: cannot determine resolution for the macro `check_true`
[INFO] [stdout]    --> src/lib.rs:131:13
[INFO] [stdout]     |
[INFO] [stdout] 131 |             check_true!(FileTimeToSystemTime(&self.0, &mut system_time))?;
[INFO] [stdout]     |             ^^^^^^^^^^
[INFO] [stdout]     |
[INFO] [stdout]     = note: import resolution is stuck, try simplifying macro imports
[INFO] [stdout] 
[INFO] [stdout] 
[INFO] [stdout] error: cannot determine resolution for the macro `check_true`
[INFO] [stdout]    --> src/lib.rs:187:13
[INFO] [stdout]     |
[INFO] [stdout] 187 |             check_true!(SystemTimeToFileTime(&self.0, &mut file_time))?;
[INFO] [stdout]     |             ^^^^^^^^^^
[INFO] [stdout]     |
[INFO] [stdout]     = note: import resolution is stuck, try simplifying macro imports
[INFO] [stdout] 
[INFO] [stdout] 
[INFO] [stdout] error[E0412]: cannot find type `FILETIME` in this scope
[INFO] [stdout]   --> src/lib.rs:82:80
[INFO] [stdout]    |
[INFO] [stdout] 82 |     #[cfg_attr(feature = "filetime_serde", serde(with = "FileTimeSerde"))] pub FILETIME,
[INFO] [stdout]    |                                                                                ^^^^^^^^ not found in this scope
[INFO] [stdout] 
[INFO] [stdout] 
[INFO] [stdout] error[E0412]: cannot find type `SYSTEMTIME` in this scope
[INFO] [stdout]    --> src/lib.rs:109:82
[INFO] [stdout]     |
[INFO] [stdout] 109 |     #[cfg_attr(feature = "filetime_serde", serde(with = "SystemTimeSerde"))] pub SYSTEMTIME,
[INFO] [stdout]     |                                                                                  ^^^^^^^^^^ not found in this scope
[INFO] [stdout] 
[INFO] [stdout] 
[INFO] [stdout] error[E0412]: cannot find type `ULARGE_INTEGER` in this scope
[INFO] [stdout]    --> src/lib.rs:119:24
[INFO] [stdout]     |
[INFO] [stdout] 119 |             let mut v: ULARGE_INTEGER = mem::zeroed();
[INFO] [stdout]     |                        ^^^^^^^^^^^^^^ not found in this scope
[INFO] [stdout] 
[INFO] [stdout] 
[INFO] [stdout] error[E0412]: cannot find type `Win32Error` in crate `comedy`
[INFO] [stdout]    --> src/lib.rs:127:78
[INFO] [stdout]     |
[INFO] [stdout] 127 |     pub fn to_system_time_utc(self) -> result::Result<SystemTimeUTC, comedy::Win32Error> {
[INFO] [stdout]     |                                                                              ^^^^^^^^^^ not found in `comedy`
[INFO] [stdout] 
[INFO] [stdout] 
[INFO] [stdout] error[E0425]: cannot find function, tuple struct or tuple variant `GetSystemTime` in this scope
[INFO] [stdout]    --> src/lib.rs:177:13
[INFO] [stdout]     |
[INFO] [stdout] 177 |             GetSystemTime(&mut system_time);
[INFO] [stdout]     |             ^^^^^^^^^^^^^ not found in this scope
[INFO] [stdout] 
[INFO] [stdout] 
[INFO] [stdout] error[E0412]: cannot find type `Win32Error` in crate `comedy`
[INFO] [stdout]    --> src/lib.rs:183:68
[INFO] [stdout]     |
[INFO] [stdout] 183 |     pub fn to_file_time(&self) -> result::Result<FileTime, comedy::Win32Error> {
[INFO] [stdout]     |                                                                    ^^^^^^^^^^ not found in `comedy`
[INFO] [stdout] 
[INFO] [stdout] 
[INFO] [stdout] error[E0422]: cannot find struct, variant or union type `SYSTEMTIME` in this scope
[INFO] [stdout]    --> src/lib.rs:249:42
[INFO] [stdout]     |
[INFO] [stdout] 249 |         let st_next_year = SystemTimeUTC(SYSTEMTIME {
[INFO] [stdout]     |                                          ^^^^^^^^^^ not found in this scope
[INFO] [stdout] 
[INFO] [stdout] 
[INFO] [stdout] error[E0422]: cannot find struct, variant or union type `FILETIME` in this scope
[INFO] [stdout]    --> src/lib.rs:261:27
[INFO] [stdout]     |
[INFO] [stdout] 261 |         let ft = FileTime(FILETIME {
[INFO] [stdout]     |                           ^^^^^^^^ not found in this scope
[INFO] [stdout] 
[INFO] [stdout] 
[INFO] [stdout] error[E0433]: failed to resolve: could not find `shared` in `winapi`
[INFO] [stdout]   --> src/lib.rs:57:13
[INFO] [stdout]    |
[INFO] [stdout] 57 | use winapi::shared::minwindef::FILETIME;
[INFO] [stdout]    |             ^^^^^^ could not find `shared` in `winapi`
[INFO] [stdout] 
[INFO] [stdout] 
[INFO] [stdout] error[E0433]: failed to resolve: could not find `shared` in `winapi`
[INFO] [stdout]   --> src/lib.rs:60:13
[INFO] [stdout]    |
[INFO] [stdout] 60 | use winapi::shared::ntdef::ULARGE_INTEGER;
[INFO] [stdout]    |             ^^^^^^ could not find `shared` in `winapi`
[INFO] [stdout] 
[INFO] [stdout] 
[INFO] [stdout] error[E0433]: failed to resolve: could not find `um` in `winapi`
[INFO] [stdout]   --> src/lib.rs:61:13
[INFO] [stdout]    |
[INFO] [stdout] 61 | use winapi::um::minwinbase::SYSTEMTIME;
[INFO] [stdout]    |             ^^ could not find `um` in `winapi`
[INFO] [stdout] 
[INFO] [stdout] 
[INFO] [stdout] error[E0433]: failed to resolve: could not find `um` in `winapi`
[INFO] [stdout]   --> src/lib.rs:62:13
[INFO] [stdout]    |
[INFO] [stdout] 62 | use winapi::um::sysinfoapi::GetSystemTime;
[INFO] [stdout]    |             ^^ could not find `um` in `winapi`
[INFO] [stdout] 
[INFO] [stdout] 
[INFO] [stdout] error[E0433]: failed to resolve: could not find `um` in `winapi`
[INFO] [stdout]   --> src/lib.rs:63:13
[INFO] [stdout]    |
[INFO] [stdout] 63 | use winapi::um::timezoneapi::{FileTimeToSystemTime, SystemTimeToFileTime};
[INFO] [stdout]    |             ^^ could not find `um` in `winapi`
[INFO] [stdout] 
[INFO] [stdout] 
[INFO] [stdout] error[E0432]: unresolved import `comedy::check_true`
[INFO] [stdout]   --> src/lib.rs:55:5
[INFO] [stdout]    |
[INFO] [stdout] 55 | use comedy::check_true;
[INFO] [stdout]    |     ^^^^^^^^^^^^^^^^^^ no `check_true` in the root
[INFO] [stdout] 
[INFO] [stdout] 
[INFO] [stdout] error: cannot determine resolution for the macro `check_true`
[INFO] [stdout]    --> src/lib.rs:131:13
[INFO] [stdout]     |
[INFO] [stdout] 131 |             check_true!(FileTimeToSystemTime(&self.0, &mut system_time))?;
[INFO] [stdout]     |             ^^^^^^^^^^
[INFO] [stdout]     |
[INFO] [stdout]     = note: import resolution is stuck, try simplifying macro imports
[INFO] [stdout] 
[INFO] [stdout] 
[INFO] [stdout] error: cannot determine resolution for the macro `check_true`
[INFO] [stdout]    --> src/lib.rs:187:13
[INFO] [stdout]     |
[INFO] [stdout] 187 |             check_true!(SystemTimeToFileTime(&self.0, &mut file_time))?;
[INFO] [stdout]     |             ^^^^^^^^^^
[INFO] [stdout]     |
[INFO] [stdout]     = note: import resolution is stuck, try simplifying macro imports
[INFO] [stdout] 
[INFO] [stdout] 
[INFO] [stdout] error[E0412]: cannot find type `FILETIME` in this scope
[INFO] [stdout]   --> src/lib.rs:82:80
[INFO] [stdout]    |
[INFO] [stdout] 82 |     #[cfg_attr(feature = "filetime_serde", serde(with = "FileTimeSerde"))] pub FILETIME,
[INFO] [stdout]    |                                                                                ^^^^^^^^ not found in this scope
[INFO] [stdout] 
[INFO] [stdout] 
[INFO] [stdout] error[E0412]: cannot find type `SYSTEMTIME` in this scope
[INFO] [stdout]    --> src/lib.rs:109:82
[INFO] [stdout]     |
[INFO] [stdout] 109 |     #[cfg_attr(feature = "filetime_serde", serde(with = "SystemTimeSerde"))] pub SYSTEMTIME,
[INFO] [stdout]     |                                                                                  ^^^^^^^^^^ not found in this scope
[INFO] [stdout] 
[INFO] [stdout] 
[INFO] [stdout] error[E0412]: cannot find type `ULARGE_INTEGER` in this scope
[INFO] [stdout]    --> src/lib.rs:119:24
[INFO] [stdout]     |
[INFO] [stdout] 119 |             let mut v: ULARGE_INTEGER = mem::zeroed();
[INFO] [stdout]     |                        ^^^^^^^^^^^^^^ not found in this scope
[INFO] [stdout] 
[INFO] [stdout] 
[INFO] [stdout] error[E0412]: cannot find type `Win32Error` in crate `comedy`
[INFO] [stdout]    --> src/lib.rs:127:78
[INFO] [stdout]     |
[INFO] [stdout] 127 |     pub fn to_system_time_utc(self) -> result::Result<SystemTimeUTC, comedy::Win32Error> {
[INFO] [stdout]     |                                                                              ^^^^^^^^^^ not found in `comedy`
[INFO] [stdout] 
[INFO] [stdout] 
[INFO] [stdout] error[E0425]: cannot find function, tuple struct or tuple variant `GetSystemTime` in this scope
[INFO] [stdout]    --> src/lib.rs:177:13
[INFO] [stdout]     |
[INFO] [stdout] 177 |             GetSystemTime(&mut system_time);
[INFO] [stdout]     |             ^^^^^^^^^^^^^ not found in this scope
[INFO] [stdout] 
[INFO] [stdout] 
[INFO] [stdout] error[E0412]: cannot find type `Win32Error` in crate `comedy`
[INFO] [stdout]    --> src/lib.rs:183:68
[INFO] [stdout]     |
[INFO] [stdout] 183 |     pub fn to_file_time(&self) -> result::Result<FileTime, comedy::Win32Error> {
[INFO] [stdout]     |                                                                    ^^^^^^^^^^ not found in `comedy`
[INFO] [stdout] 
[INFO] [stdout] 
[INFO] [stdout] error: aborting due to 18 previous errors
[INFO] [stdout] 
[INFO] [stdout] 
[INFO] [stdout] Some errors have detailed explanations: E0412, E0422, E0425, E0432, E0433.
[INFO] [stdout] 
[INFO] [stdout] For more information about an error, try `rustc --explain E0412`.
[INFO] [stdout] 
[INFO] [stderr] error: could not compile `filetime_win`.
[INFO] [stderr] 
[INFO] [stderr] To learn more, run the command again with --verbose.
[INFO] [stderr] warning: build failed, waiting for other jobs to finish...
[INFO] [stdout] error: aborting due to 14 previous errors
[INFO] [stdout] 
[INFO] [stdout] 
[INFO] [stdout] Some errors have detailed explanations: E0412, E0425, E0432, E0433.
[INFO] [stdout] 
[INFO] [stdout] For more information about an error, try `rustc --explain E0412`.
[INFO] [stdout] 
[INFO] [stderr] error: build failed
[INFO] running `Command { std: "docker" "inspect" "2792fab6f71d1626ecf307cad7b878ddbb29faaa87dd76fb6163fb0ca5674b46", kill_on_drop: false }`
[INFO] running `Command { std: "docker" "rm" "-f" "2792fab6f71d1626ecf307cad7b878ddbb29faaa87dd76fb6163fb0ca5674b46", kill_on_drop: false }`
[INFO] [stdout] 2792fab6f71d1626ecf307cad7b878ddbb29faaa87dd76fb6163fb0ca5674b46
